{"id":389,"date":"2025-01-30T19:03:21","date_gmt":"2025-01-30T19:03:21","guid":{"rendered":"https:\/\/edilmaangel.com\/?page_id=389"},"modified":"2025-02-27T00:59:08","modified_gmt":"2025-02-27T00:59:08","slug":"blog","status":"publish","type":"page","link":"https:\/\/edilmaangel.com\/?page_id=389","title":{"rendered":"Blog"},"content":{"rendered":"<p>[et_pb_section fb_built=&#8221;1&#8243; _builder_version=&#8221;4.27.4&#8243; _module_preset=&#8221;default&#8221; global_colors_info=&#8221;{}&#8221;][et_pb_row column_structure=&#8221;1_2,1_2&#8243; _builder_version=&#8221;4.27.4&#8243; _module_preset=&#8221;default&#8221; global_colors_info=&#8221;{}&#8221;][et_pb_column type=&#8221;1_2&#8243; _builder_version=&#8221;4.27.4&#8243; _module_preset=&#8221;default&#8221; global_colors_info=&#8221;{}&#8221;][et_pb_blog include_categories=&#8221;all&#8221; _builder_version=&#8221;4.27.4&#8243; _module_preset=&#8221;default&#8221; hover_enabled=&#8221;0&#8243; global_colors_info=&#8221;{}&#8221; sticky_enabled=&#8221;0&#8243;][\/et_pb_blog][\/et_pb_column][et_pb_column type=&#8221;1_2&#8243; _builder_version=&#8221;4.27.4&#8243; _module_preset=&#8221;default&#8221; global_colors_info=&#8221;{}&#8221;][et_pb_text _builder_version=&#8221;4.27.4&#8243; _module_preset=&#8221;default&#8221; text_text_color=&#8221;#0117a5&#8243; hover_enabled=&#8221;0&#8243; sticky_enabled=&#8221;0&#8243;][\/et_pb_text][et_pb_text _builder_version=&#8221;4.27.4&#8243; _module_preset=&#8221;default&#8221; text_text_color=&#8221;#0117a5&#8243; hover_enabled=&#8221;0&#8243; sticky_enabled=&#8221;0&#8243;]<\/p>\n<p style=\"text-align: justify;\">Seminarios de autoayuda y crecimiento personal o, si lo prefieres, puedo ofrecerte una reuni\u00f3n directa, s\u00f3lo t\u00fa y yo, donde te escuchar\u00e9 y luego te compartir\u00e9 ideas que le ayudar\u00e1n a crear un camino claro en tu propio viaje de desarrollo personal y empoderamiento.<\/p>\n<p>[\/et_pb_text][et_pb_image src=&#8221;https:\/\/edilmaangel.com\/wp-content\/uploads\/2025\/02\/miniatura-eam-publishing.png&#8221; _builder_version=&#8221;4.27.4&#8243; _module_preset=&#8221;default&#8221; title_text=&#8221;miniatura eam publishing&#8221; hover_enabled=&#8221;0&#8243; sticky_enabled=&#8221;0&#8243;][\/et_pb_image][et_pb_text _builder_version=&#8221;4.27.4&#8243; _module_preset=&#8221;default&#8221; text_text_color=&#8221;#0117a5&#8243; hover_enabled=&#8221;0&#8243; sticky_enabled=&#8221;0&#8243;]<\/p>\n<p>Podemos hacer tu sue\u00f1o realidad.<\/p>\n<p>Nuestra empresa utiliza herramientas y mercadeo modernos, ademas de ofrecer servicios de publicaci\u00f3n en l\u00ednea en diferentes plataformas. Deja fluir tu creatividad, tus obras ser\u00e1n le\u00eddas y reconocidas por muchas personas y seres queridos.<\/p>\n<p>Algo importante:<br \/>Por ejemplo, cada vez que alguien compra tu libro, Amazon lo imprime y lo env\u00eda a cualquier lugar de Estados Unidos y del mundo. Adem\u00e1s, puedes pedir libros de muestra para uso personal, o como regalo para tu familia y amigos, o incluso para marketing local. Estamos preparados para ayudarte paso a paso a llevar tu creatividad a la pr\u00e1ctica.<\/p>\n<p>[\/et_pb_text][\/et_pb_column][\/et_pb_row][et_pb_row _builder_version=&#8221;4.27.4&#8243; _module_preset=&#8221;default&#8221;][et_pb_column _builder_version=&#8221;4.27.4&#8243; _module_preset=&#8221;default&#8221; type=&#8221;4_4&#8243;][\/et_pb_column][\/et_pb_row][\/et_pb_section]<\/p>\n","protected":false},"excerpt":{"rendered":"<p>Seminarios de autoayuda y crecimiento personal o, si lo prefieres, puedo ofrecerte una reuni\u00f3n directa, s\u00f3lo t\u00fa y yo, donde te escuchar\u00e9 y luego te compartir\u00e9 ideas que le ayudar\u00e1n a crear un camino claro en tu propio viaje de desarrollo personal y empoderamiento.Podemos hacer tu sue\u00f1o realidad. Nuestra empresa utiliza herramientas y mercadeo modernos, [&hellip;]<\/p>\n","protected":false},"author":1,"featured_media":0,"parent":0,"menu_order":0,"comment_status":"closed","ping_status":"closed","template":"","meta":{"_et_pb_use_builder":"on","_et_pb_old_content":"","_et_gb_content_width":"","footnotes":""},"class_list":["post-389","page","type-page","status-publish","hentry"],"_links":{"self":[{"href":"https:\/\/edilmaangel.com\/index.php?rest_route=\/wp\/v2\/pages\/389","targetHints":{"allow":["GET"]}}],"collection":[{"href":"https:\/\/edilmaangel.com\/index.php?rest_route=\/wp\/v2\/pages"}],"about":[{"href":"https:\/\/edilmaangel.com\/index.php?rest_route=\/wp\/v2\/types\/page"}],"author":[{"embeddable":true,"href":"https:\/\/edilmaangel.com\/index.php?rest_route=\/wp\/v2\/users\/1"}],"replies":[{"embeddable":true,"href":"https:\/\/edilmaangel.com\/index.php?rest_route=%2Fwp%2Fv2%2Fcomments&post=389"}],"version-history":[{"count":7,"href":"https:\/\/edilmaangel.com\/index.php?rest_route=\/wp\/v2\/pages\/389\/revisions"}],"predecessor-version":[{"id":700,"href":"https:\/\/edilmaangel.com\/index.php?rest_route=\/wp\/v2\/pages\/389\/revisions\/700"}],"wp:attachment":[{"href":"https:\/\/edilmaangel.com\/index.php?rest_route=%2Fwp%2Fv2%2Fmedia&parent=389"}],"curies":[{"name":"wp","href":"https:\/\/api.w.org\/{rel}","templated":true}]}}